.
70012
What is 176b (base 15) in base 7?
20504
329a (base 11) to base 3
12221220
What is 1000001000 (base 2) in base 9?
637
-1a02 (base 11) to base 7
-10262
What is 741 (base 13) in base 12?
870
9a2a (base 12) to base 6
210454
-1010000 (base 2) to base 16
-50
Convert 2023020 (base 4) to base 10.
8904
Convert -7626 (base 13) to base 6.
-204013
16126 (base 10) to base 11
11130
What is -721 (base 15) in base 9?
-2174
Convert -1100010010010 (base 2) to base 15.
-1ce5
Convert -2023 (base 6) to base 13.
-285
What is -12001 (base 4) in base 7?
-1060
What is -1032 (base 16) in base 6?
-31110
-657 (base 9) to base 12
-38a
What is -10a (base 12) in base 14?
-b0
105 (base 16) to base 3
100200
Convert 10001111011 (base 2) to base 3.
1120111
What is -615 (base 9) in base 15?
-235
What is -2120101 (base 3) in base 2?
-11101010001
Convert -57486 (base 9) to base 11.
-26868
253c (base 14) to base 7
25005
Convert 2112 (base 9) to base 16.
60e
893 (base 10) to base 4
31331
1686 (base 13) to base 2
110011111001
What is -3159 (base 15) in base 6?
-120150
Convert a77 (base 12) to base 3.
2002201
-223220 (base 4) to base 11
-2109
200121 (base 3) to base 5
4002
-2222212 (base 4) to base 14
-3d9c
2a3c (base 13) to base 4
1133313
What is -97a (base 12) in base 10?
-1390
Convert -212100002 (base 3) to base 8.
-41164
Convert -10330 (base 4) to base 8.
-474
What is -2314 (base 8) in base 4?
-103030
Convert 12132 (base 5) to base 11.
764
-6928 (base 12) to base 10
-11696
Convert 1523 (base 6) to base 15.
1c6
-4222 (base 11) to base 15
-19ca
Convert -10011001 (base 2) to base 10.
-153
Convert -11 (base 13) to base 8.
-16
Convert 10000110 (base 2) to base 7.
251
-1132102 (base 4) to base 5
-143114
What is 9874 (base 15) in base 11?
2228a
What is 105713 (base 8) in base 11?
24984
What is e7a (base 15) in base 8?
6301
What is -3a985 (base 11) in base 15?
-12495
Convert -482 (base 9) to base 10.
-398
What is -10100111101000 (base 2) in base 8?
-24750
-14ba4 (base 12) to base 3
-1111021021
What is -1111012001 (base 3) in base 12?
-14b54
What is -74436 (base 9) in base 14?
-13d04
Convert 2112021 (base 4) to base 12.
5689
Convert -110 (base 16) to base 11.
-228
What is -4cb (base 13) in base 9?
-1136
3445 (base 6) to base 7
2252
What is a28a (base 11) in base 14?
4d90
What is 636 (base 13) in base 8?
2043
Convert 78 (base 12) to base 13.
71
23a0 (base 11) to base 7
12066
Convert 10112012 (base 3) to base 15.
b65
2683 (base 10) to base 3
10200101
What is -6a3 (base 14) in base 13?
-7a6
111212 (base 3) to base 16
176
-34003 (base 7) to base 9
-12681
What is 26a (base 12) in base 10?
370
Convert 2e28 (base 15) to base 6.
114002
-20210 (base 5) to base 16
-519
Convert -2681 (base 15) to base 12.
-4911
What is 5792 (base 12) in base 15?
2d58
864 (base 13) to base 9
1863
-3707 (base 11) to base 8
-11357
What is bd0 (base 14) in base 13?
10ab
What is dbb (base 15) in base 7?
12020
Convert -132223 (base 5) to base 13.
-2559
Convert 41a0 (base 12) to base 4.
1300020
Convert b2a1 (base 12) to base 9.
28564
-2410424 (base 5) to base 4
-22313021
Convert -1770 (base 10) to base 3.
-2102120
-5182 (base 14) to base 7
-55622
What is 21313 (base 12) in base 7?
241152
-50356 (base 8) to base 10
-20718
Convert -101524 (base 7) to base 5.
-1024123
-50042 (base 7) to base 6
-131415
Convert -20266 (base 7) to base 14.
-1b36
2621 (base 7) to base 4
33203
Convert -152d (base 15) to base 8.
-10677
What is 7454 (base 14) in base 4?
10321202
-985 (base 11) to base 6
-5250
Convert 1a59 (base 14) to base 12.
2927
868 (base 12) to base 4
103100
-19 (base 13) to base 12
-1a
Convert 260 (base 14) to base 8.
734
13321 (base 5) to base 10
1086
What is -200221 (base 3) in base 10?
-511
36525 (base 8) to base 10
15701
1014 (base 14) to base 7
11024
What is -244 (base 7) in base 9?
-154
What is d275 (base 14) in base 11?
2519a
-14824 (base 11) to base 12
-10167
What is -e (base 15) in base 5?
-24
Convert -1010010100 (base 2) to base 12.
-470
11000101011111 (base 2) to base 4
3011133
Convert -22116 (base 11) to base 12.
-16696
Convert -2303 (base 5) to base 12.
-234
Convert -21002222 (base 3) to base 6.
-35555
Convert 42042 (base 7) to base 12.
5b80
-254 (base 16) to base 11
-4a2
What is -dad1 (base 15) in base 3?
-2100112121
Convert -558 (base 10) to base 3.
-202200
What is -6573 (base 9) in base 3?
-20122110
Convert -a74 (base 15) to base 5.
-33414
116 (base 7) to base 13
4a
-b57a (base 16) to base 3
-2100201200
Convert -9a6 (base 14) to base 15.
-875
221011202 (base 3) to base 5
1041403
What is 1559 (base 11) in base 2?
11111010000
Convert 3166 (base 15) to base 6.
120210
Convert -4bba (base 13) to base 16.
-2a30
Convert 2414 (base 5) to base 7.
1022
What is 414443 (base 5) in base 13?
6347
What is 874 (base 16) in base 2?
100001110100
-20867 (base 9) to base 5
-420311
What is -2145 (base 7) in base 5?
-11033
-2033301 (base 4) to base 9
-13553
4b4 (base 14) to base 7
2514
100000 (base 2) to base 14
24
What is -1210202 (base 3) in base 6?
-10032
404 (base 10) to base 13
251
-2aa (base 13) to base 7
-1252
Convert 10412 (base 6) to base 3.
1222122
2215 (base 7) to base 8
1434
Convert 18b0 (base 13) to base 3.
12001202
-3e1 (base 16) to base 2
-1111100001
Convert -62b (base 15) to base 9.
-1815
What is 5132 (base 7) in base 12?
104b
-23030 (base 7) to base 15
-1b02
What is 528b (base 13) in base 10?
11438
Convert 380 (base 12) to base 11.
440
What is -1040 (base 6) in base 11?
-1a9
18532 (base 10) to base 12
a884
Convert 157 (base 9) to base 13.
a3
51262 (base 8) to base 9
32032
What is 7ea (base 15) in base 16?
703
Convert 10221101122 (base 3) to base 2.
10010111011111001
-369 (base 10) to base 12
-269
What is 19768 (base 12) in base 2?
1001001000000000
670 (base 8) to base 16
1b8
-2080 (base 14) to base 11
-4231
What is -3625 (base 7) in base 5?
-20332
What is -636 (base 11) in base 4?
-23331
Convert 13212 (base 4) to base 16.
1e6
What is -1911 (base 11) in base 15?
-ac2
Convert 322423 (base 6) to base 16.
678f
Convert -4221 (base 8) to base 12.
-1329
What is -1426 (base 16) in base 11?
-396a
Convert 4154 (base 16) to base 6.
205232
What is 2202111 (base 3) in base 15?
8e1
Convert 7174 (base 9) to base 12.
3057
What is 232 (base 8) in base 7?
310
Convert 44 (base 11) to base 6.
120
30143 (base 5) to base 3
2122020
What is -23ba (base 16) in base 11?
-6965
What is -16c9 (base 15) in base 6?
-34430
14263 (base 7) to base 9
5331
Convert 342 (base 12) to base 7.
1256
Convert 33313 (base 4) to base 3.
1101121
What is -374 (base 12) in base 3?
-201021
1c81 (base 15) to base 2
1100000110100
-14376 (base 8) to base 15
-1d68
Convert -22311 (base 4) to base 14.
-377
What is 11011102021 (base 3) in base 15?
19437
Convert -13944 (base 11) to base 9.
-30107
-20ac4 (base 13) to base 3
-2222220011
What is c08 (base 13) in base 7?
5636
Convert -32c2 (base 13) to base 14.
-2823
11111010110 (base 2) to base 15
8db
Convert 11722 (base 8) to base 16.
13d2
What is -3110 (base 6) in base 14?
-374
Convert 3 (base 9) to base 10.
3
What is b09 (base 12) in base 16?
639
Convert -a939 (base 16) to base 6.
-532321
What is -191 (base 14) in base 9?
-388
Convert 7655 (base 10) to base 7.
31214
Convert 370 (base 13) to base 14.
30a
a3 (base 13) to base 8
205
What is b361 (base 12) in base 3?
222202201
Convert 40ca (base 14) to base 2.
10101110010010
-1ab6 (base 13) to base 7
-14524
What is 1102110 (base 3) in base 4?
100032
d76c (base 15) to base 6
550520
Convert -11101111010100 (base 2) to base 7.
-62440
What is -231420 (base 5) in base 8?
-20250
-20622 (base 10) to base 5
-1124442
What is 2bc (base 15) in base 6?
2523
-11402 (base 12) to base 7
-124115
241aa (base 11) to base 7
203411
-32100 (base 9) to base 2
-101001011100110
-3186 (base 12) to base 6
-41050
1497 (base 16) to base 3
21020020
Convert 3477 (base 15) to base 6.
123321
What is 7669 (base 16) in base 15?
8ead
-15a59 (base 11) to base 7
-122542
9abc (base 13) to base 8
52162
What is 2a2 (base 12) in base 2?
110011010
Convert aa41 (base 11) to base 2.
11100011100101
Convert 172b3 (base 12) to base 11.
22a92
Convert 122 (base 16) to base 8.
442
-73502 (base 8) to base 6
-353202
What is 1202231 (base 4) in base 9?
8588
Convert 130604 (base 8) to base 15.
d6e9
-aa (base 15) to bas